{"id":601,"date":"2018-03-27T09:45:09","date_gmt":"2018-03-27T07:45:09","guid":{"rendered":"http:\/\/apfelundmehr.com\/?page_id=601"},"modified":"2018-04-19T21:06:58","modified_gmt":"2018-04-19T19:06:58","slug":"partner","status":"publish","type":"page","link":"http:\/\/apfelundmehr.com\/index.php\/partner\/","title":{"rendered":"Partner"},"content":{"rendered":"<div id=\"pl-601\"  class=\"panel-layout\" ><div id=\"pg-601-0\"  class=\"panel-grid panel-no-style\" ><div id=\"pgc-601-0-0\"  class=\"panel-grid-cell\" ><div id=\"panel-601-0-0-0\" class=\"so-panel widget widget_sow-image panel-first-child panel-last-child\" data-index=\"0\" ><div\n\t\t\t\n\t\t\tclass=\"so-widget-sow-image so-widget-sow-image-default-dbf295114b96-601\"\n\t\t\t\n\t\t>\n\n<div class=\"sow-image-container\">\n\t\t\t<a href=\"https:\/\/cojote-outdoor.de\/\"\n\t\t\t\t\t>\n\t\t\t<img src=\"http:\/\/apfelundmehr.com\/wp-content\/uploads\/2018\/03\/Cojote-Logo_PNG.png\" width=\"1232\" height=\"1429\" srcset=\"http:\/\/apfelundmehr.com\/wp-content\/uploads\/2018\/03\/Cojote-Logo_PNG.png 1232w, http:\/\/apfelundmehr.com\/wp-content\/uploads\/2018\/03\/Cojote-Logo_PNG-259x300.png 259w, http:\/\/apfelundmehr.com\/wp-content\/uploads\/2018\/03\/Cojote-Logo_PNG-768x891.png 768w, http:\/\/apfelundmehr.com\/wp-content\/uploads\/2018\/03\/Cojote-Logo_PNG-883x1024.png 883w\" sizes=\"(max-width: 1232px) 100vw, 1232px\" alt=\"\" loading=\"lazy\" \t\tclass=\"so-widget-image\"\/>\n\t<\/a><\/div>\n\n<\/div><\/div><\/div><div id=\"pgc-601-0-1\"  class=\"panel-grid-cell\" ><div id=\"panel-601-0-1-0\" class=\"so-panel widget widget_sow-editor panel-first-child panel-last-child\" data-index=\"1\" ><div\n\t\t\t\n\t\t\tclass=\"so-widget-sow-editor so-widget-sow-editor-base\"\n\t\t\t\n\t\t>\n<div class=\"siteorigin-widget-tinymce textwidget\">\n\t<p><span style=\"font-size: 14pt;\">Die Cojoten kamen als Kunden zu uns. Daraus entwickelte sich eine Freundschaft und auch Gesch\u00e4ftspartnerschaft. Die Beiden machen H\u00f6hlentouren, Bogenschie\u00dfen und andere Outdoor Events auf und am Rande der Alb.<\/span><\/p>\n<\/div>\n<\/div><\/div><\/div><\/div><div id=\"pg-601-1\"  class=\"panel-grid panel-no-style\" ><div id=\"pgc-601-1-0\"  class=\"panel-grid-cell\" ><div id=\"panel-601-1-0-0\" class=\"so-panel widget widget_sow-image panel-first-child panel-last-child\" data-index=\"2\" ><div\n\t\t\t\n\t\t\tclass=\"so-widget-sow-image so-widget-sow-image-default-dbf295114b96-601\"\n\t\t\t\n\t\t>\n\n<div class=\"sow-image-container\">\n\t\t\t<a href=\"http:\/\/www.plochingen.de\/,Lde\/start\/Tourismus+_+Kultur\/Shop.html\"\n\t\t\t\t\t>\n\t\t\t<img src=\"http:\/\/apfelundmehr.com\/wp-content\/uploads\/2018\/04\/Plochingen.jpg\" width=\"140\" height=\"140\" sizes=\"(max-width: 140px) 100vw, 140px\" alt=\"\" loading=\"lazy\" \t\tclass=\"so-widget-image\"\/>\n\t<\/a><\/div>\n\n<\/div><\/div><\/div><div id=\"pgc-601-1-1\"  class=\"panel-grid-cell\" ><div id=\"panel-601-1-1-0\" class=\"so-panel widget widget_sow-editor panel-first-child panel-last-child\" data-index=\"3\" ><div\n\t\t\t\n\t\t\tclass=\"so-widget-sow-editor so-widget-sow-editor-base\"\n\t\t\t\n\t\t>\n<div class=\"siteorigin-widget-tinymce textwidget\">\n\t<p><span style=\"font-size: 14pt;\">In der Plochingen Info gibt es unsere Produkte zu kaufen.<\/span><\/p>\n<\/div>\n<\/div><\/div><\/div><\/div><div id=\"pg-601-2\"  class=\"panel-grid panel-no-style\" ><div id=\"pgc-601-2-0\"  class=\"panel-grid-cell\" ><div id=\"panel-601-2-0-0\" class=\"so-panel widget widget_sow-image panel-first-child panel-last-child\" data-index=\"4\" ><div\n\t\t\t\n\t\t\tclass=\"so-widget-sow-image so-widget-sow-image-default-dbf295114b96-601\"\n\t\t\t\n\t\t>\n\n<div class=\"sow-image-container\">\n\t\t\t<a href=\"http:\/\/www.diewollerei-zauner.de\/index.html\"\n\t\t\t\t\t>\n\t\t\t<img src=\"http:\/\/apfelundmehr.com\/wp-content\/uploads\/2018\/04\/Schaf.jpg\" width=\"640\" height=\"384\" srcset=\"http:\/\/apfelundmehr.com\/wp-content\/uploads\/2018\/04\/Schaf.jpg 640w, http:\/\/apfelundmehr.com\/wp-content\/uploads\/2018\/04\/Schaf-300x180.jpg 300w\" sizes=\"(max-width: 640px) 100vw, 640px\" alt=\"\" loading=\"lazy\" \t\tclass=\"so-widget-image\"\/>\n\t<\/a><\/div>\n\n<\/div><\/div><\/div><div id=\"pgc-601-2-1\"  class=\"panel-grid-cell\" ><div id=\"panel-601-2-1-0\" class=\"so-panel widget widget_sow-editor panel-first-child panel-last-child\" data-index=\"5\" ><div\n\t\t\t\n\t\t\tclass=\"so-widget-sow-editor so-widget-sow-editor-base\"\n\t\t\t\n\t\t>\n<div class=\"siteorigin-widget-tinymce textwidget\">\n\t<p><span style=\"font-size: 14pt;\">Die Wollerei Zauner. Wollprodukte und mehr gibt es in Kirchheim zu kaufen. Mit der Wollerei zusammen sind wir der Veranstalter des Fr\u00fchlingsmarkt in Kirchheim in der Kupferschmiede.<\/span><\/p>\n<\/div>\n<\/div><\/div><\/div><\/div><div id=\"pg-601-3\"  class=\"panel-grid panel-no-style\" ><div id=\"pgc-601-3-0\"  class=\"panel-grid-cell\" ><div id=\"panel-601-3-0-0\" class=\"so-panel widget widget_sow-image panel-first-child panel-last-child\" data-index=\"6\" ><div\n\t\t\t\n\t\t\tclass=\"so-widget-sow-image so-widget-sow-image-default-dbf295114b96-601\"\n\t\t\t\n\t\t>\n\n<div class=\"sow-image-container\">\n\t\t\t<a href=\"http:\/\/www.ziegenhof-holzer.de\/\"\n\t\t\t\t\t>\n\t\t\t<img src=\"http:\/\/apfelundmehr.com\/wp-content\/uploads\/2018\/04\/Ziegenhof-Holzer.jpg\" width=\"702\" height=\"182\" srcset=\"http:\/\/apfelundmehr.com\/wp-content\/uploads\/2018\/04\/Ziegenhof-Holzer.jpg 702w, http:\/\/apfelundmehr.com\/wp-content\/uploads\/2018\/04\/Ziegenhof-Holzer-300x78.jpg 300w\" sizes=\"(max-width: 702px) 100vw, 702px\" title=\"Ziegenhof Holzer\" alt=\"\" loading=\"lazy\" \t\tclass=\"so-widget-image\"\/>\n\t<\/a><\/div>\n\n<\/div><\/div><\/div><div id=\"pgc-601-3-1\"  class=\"panel-grid-cell\" ><div id=\"panel-601-3-1-0\" class=\"so-panel widget widget_sow-editor panel-first-child panel-last-child\" data-index=\"7\" ><div\n\t\t\t\n\t\t\tclass=\"so-widget-sow-editor so-widget-sow-editor-base\"\n\t\t\t\n\t\t>\n<div class=\"siteorigin-widget-tinymce textwidget\">\n\t<p><span style=\"font-size: 14pt;\">Ziegenprodukte wie K\u00e4se und Milch aus Hochdorf. Tim und Andrea Holzer sind nicht nur Freunde sondern auch Gesch\u00e4ftspartner von uns.<\/span><\/p>\n<\/div>\n<\/div><\/div><\/div><\/div><\/div>","protected":false},"excerpt":{"rendered":"<p>Die Cojoten kamen als Kunden zu uns. Daraus entwickelte sich eine Freundschaft und auch Gesch\u00e4ftspartnerschaft. Die Beiden machen H\u00f6hlentouren, Bogenschie\u00dfen und andere Outdoor Events auf und am Rande der Alb. In der Plochingen Info gibt es unsere Produkte zu kaufen.<\/p>\n","protected":false},"author":3,"featured_media":0,"parent":0,"menu_order":0,"comment_status":"closed","ping_status":"closed","template":"","meta":[],"aioseo_notices":[],"_links":{"self":[{"href":"http:\/\/apfelundmehr.com\/index.php\/wp-json\/wp\/v2\/pages\/601"}],"collection":[{"href":"http:\/\/apfelundmehr.com\/index.php\/wp-json\/wp\/v2\/pages"}],"about":[{"href":"http:\/\/apfelundmehr.com\/index.php\/wp-json\/wp\/v2\/types\/page"}],"author":[{"embeddable":true,"href":"http:\/\/apfelundmehr.com\/index.php\/wp-json\/wp\/v2\/users\/3"}],"replies":[{"embeddable":true,"href":"http:\/\/apfelundmehr.com\/index.php\/wp-json\/wp\/v2\/comments?post=601"}],"version-history":[{"count":19,"href":"http:\/\/apfelundmehr.com\/index.php\/wp-json\/wp\/v2\/pages\/601\/revisions"}],"predecessor-version":[{"id":638,"href":"http:\/\/apfelundmehr.com\/index.php\/wp-json\/wp\/v2\/pages\/601\/revisions\/638"}],"wp:attachment":[{"href":"http:\/\/apfelundmehr.com\/index.php\/wp-json\/wp\/v2\/media?parent=601"}],"curies":[{"name":"wp","href":"https:\/\/api.w.org\/{rel}","templated":true}]}}